{"id":910,"date":"2023-02-20T08:40:01","date_gmt":"2023-02-03T03:29:31","guid":{"rendered":"https:\/\/xn--sportpark-flha-6pb.de\/?page_id=910"},"modified":"2023-03-06T05:29:34","modified_gmt":"2023-03-06T04:29:34","slug":"supplements","status":"publish","type":"page","link":"https:\/\/sportparkfloehashop.de\/?page_id=910","title":{"rendered":"Supplements\/Protein\/Snacks"},"content":{"rendered":"<div id='av_section_1'  class='avia-section main_color avia-section-default avia-no-border-styling  avia-bg-style-scroll  avia-builder-el-0  el_before_av_one_half  avia-builder-el-first   container_wrap fullsize' style='background-color: #ed9807; background-image: linear-gradient(to right,#edae44,#eeee22); '  ><div class='container' ><main  role=\"main\" itemprop=\"mainContentOfPage\"  class='template-page content  av-content-full alpha units'><div class='post-entry post-entry-type-page post-entry-910'><div class='entry-content-wrapper clearfix'>\n<div class=\"flex_column av_one_full  flex_column_div av-zero-column-padding first  avia-builder-el-1  el_before_av_one_fourth  avia-builder-el-first  \" style='border-radius:0px; '><p><div  style='padding-bottom:10px; ' class='av-special-heading av-special-heading-h3    avia-builder-el-2  el_before_av_textblock  avia-builder-el-first  '><h3 class='av-special-heading-tag '  itemprop=\"headline\"  >Supplements<\/h3><div class='special-heading-border'><div class='special-heading-inner-border' ><\/div><\/div><\/div><br \/>\n<section class=\"av_textblock_section \"  itemscope=\"itemscope\" itemtype=\"https:\/\/schema.org\/CreativeWork\" ><div class='avia_textblock  '   itemprop=\"text\" ><p>Wenn du es nicht schaffst, deinen t\u00e4glichen Bedarf an N\u00e4hrstoffen \u00fcber die Nahrung zu decken ,sind Nahrungserg\u00e4nzungsmittel sinnvoll.  Das kann vor allem bei Risikogruppen oder Veganern der Fall sein.<br \/>\nNahrungserg\u00e4nzungsmittel gibt es als einzelnen N\u00e4hrstoff oder N\u00e4hrstoffkombination. Das liegt daran, dass sich unterschiedliche N\u00e4hrstoffe erg\u00e4nzen und somit vom K\u00f6rper besser aufgenommen werden k\u00f6nnen.<\/p>\n<\/div><\/section><\/p><\/div><div class=\"flex_column av_one_fourth  flex_column_div av-zero-column-padding first  avia-builder-el-4  el_after_av_one_full  el_before_av_one_fourth  column-top-margin\" style='border-radius:0px; '><p><div  style='padding-bottom:10px; ' class='av-special-heading av-special-heading-h3    avia-builder-el-5  el_before_av_image  avia-builder-el-first  av-linked-heading '><h3 class='av-special-heading-tag '  itemprop=\"headline\"  ><a href=\"https:\/\/amzn.to\/3kSvyLN\">MSM Kapseln &#8211; 365 vegane Kapseln &#8211;<\/a><\/h3><div class='special-heading-border'><div class='special-heading-inner-border' ><\/div><\/div><\/div><br \/>\n<div  class='avia-image-container  av-styling-    avia-builder-el-6  el_after_av_heading  el_before_av_button  avia-align-center '  itemprop=\"image\" itemscope=\"itemscope\" itemtype=\"https:\/\/schema.org\/ImageObject\"  ><div class='avia-image-container-inner'><div class='avia-image-overlay-wrap'><img class='wp-image-1091 avia-img-lazy-loading-not-1091 avia_image' src=\"https:\/\/sportparkfloehashop.de\/wp-content\/uploads\/sites\/35171\/2023\/03\/619GsX2ZXPL.__AC_SX300_SY300_QL70_ML2_.jpg\" alt='' title='619GsX2ZXPL.__AC_SX300_SY300_QL70_ML2_' height=\"300\" width=\"153\"  itemprop=\"thumbnailUrl\"  \/><\/div><\/div><\/div><br \/>\n<div  class='avia-button-wrap avia-button-center  avia-builder-el-7  el_after_av_image  avia-builder-el-last ' ><a href='https:\/\/amzn.to\/3kSvyLN'  class='avia-button  avia-color-blue   avia-icon_select-yes-left-icon avia-size-medium avia-position-center '   ><span class='avia_button_icon avia_button_icon_left ' aria-hidden='true' data-av_icon='\ue859' data-av_iconfont='entypo-fontello'><\/span><span class='avia_iconbox_title' >zum Shop<\/span><\/a><\/div><\/p><\/div><div class=\"flex_column av_one_fourth  flex_column_div av-zero-column-padding   avia-builder-el-8  el_after_av_one_fourth  el_before_av_one_fourth  column-top-margin\" style='border-radius:0px; '><p><div  style='padding-bottom:10px; ' class='av-special-heading av-special-heading-h3    avia-builder-el-9  el_before_av_image  avia-builder-el-first  av-linked-heading '><h3 class='av-special-heading-tag '  itemprop=\"headline\"  ><a href=\"https:\/\/amzn.to\/3ZJeqXz\">Magnesium Komplex &#8211; Premium: Aus 5 hochwertigen Verbindungen &#8211; 400mg elementares Magnesium pro Tagesdosis &#8211; Laborgepr\u00fcft, vegan, hochdosiert<\/a><\/h3><div class='special-heading-border'><div class='special-heading-inner-border' ><\/div><\/div><\/div><br \/>\n<div  class='avia-image-container  av-styling-    avia-builder-el-10  el_after_av_heading  el_before_av_button  avia-align-center '  itemprop=\"image\" itemscope=\"itemscope\" itemtype=\"https:\/\/schema.org\/ImageObject\"  ><div class='avia-image-container-inner'><div class='avia-image-overlay-wrap'><img class='wp-image-1093 avia-img-lazy-loading-not-1093 avia_image' src=\"https:\/\/sportparkfloehashop.de\/wp-content\/uploads\/sites\/35171\/2023\/03\/71LS1Wf-3nL.__AC_SX300_SY300_QL70_ML2_.jpg\" alt='' title='71LS1Wf-3nL.__AC_SX300_SY300_QL70_ML2_' height=\"300\" width=\"153\"  itemprop=\"thumbnailUrl\"  \/><\/div><\/div><\/div><br \/>\n<div  class='avia-button-wrap avia-button-center  avia-builder-el-11  el_after_av_image  avia-builder-el-last ' ><a href='https:\/\/amzn.to\/3ZJeqXz'  class='avia-button  avia-color-blue   avia-icon_select-yes-left-icon avia-size-medium avia-position-center '   ><span class='avia_button_icon avia_button_icon_left ' aria-hidden='true' data-av_icon='\ue859' data-av_iconfont='entypo-fontello'><\/span><span class='avia_iconbox_title' >zum Shop<\/span><\/a><\/div><\/p><\/div><div class=\"flex_column av_one_fourth  flex_column_div av-zero-column-padding   avia-builder-el-12  el_after_av_one_fourth  el_before_av_one_fourth  column-top-margin\" style='border-radius:0px; '><p><div  style='padding-bottom:10px; ' class='av-special-heading av-special-heading-h3    avia-builder-el-13  el_before_av_image  avia-builder-el-first  av-linked-heading '><h3 class='av-special-heading-tag '  itemprop=\"headline\"  ><a href=\"https:\/\/amzn.to\/3SPzFVi\">Selen Komplex &#8211; 365 Tabletten mit je 200\u00b5g &#8211; Premium: Komplex aus Natriumselenit und Selenmethionin &#8211; Hochdosiert, ohne Magnesiumstearat, vegan <\/a><\/h3><div class='special-heading-border'><div class='special-heading-inner-border' ><\/div><\/div><\/div><br \/>\n<div  class='avia-image-container  av-styling-    avia-builder-el-14  el_after_av_heading  el_before_av_button  avia-align-center '  itemprop=\"image\" itemscope=\"itemscope\" itemtype=\"https:\/\/schema.org\/ImageObject\"  ><div class='avia-image-container-inner'><div class='avia-image-overlay-wrap'><img class='wp-image-1095 avia-img-lazy-loading-not-1095 avia_image' src=\"https:\/\/sportparkfloehashop.de\/wp-content\/uploads\/sites\/35171\/2023\/03\/61YXqxdNJAL._AC_SY679_PIbundle-365TopRight00_SH20_.jpg\" alt='' title='61YXqxdNJAL._AC_SY679_PIbundle-365,TopRight,0,0_SH20_' height=\"679\" width=\"346\"  itemprop=\"thumbnailUrl\"  \/><\/div><\/div><\/div><br \/>\n<div  class='avia-button-wrap avia-button-center  avia-builder-el-15  el_after_av_image  avia-builder-el-last ' ><a href='https:\/\/amzn.to\/3SPzFVi'  class='avia-button  avia-color-blue   avia-icon_select-yes-left-icon avia-size-medium avia-position-center '   ><span class='avia_button_icon avia_button_icon_left ' aria-hidden='true' data-av_icon='\ue859' data-av_iconfont='entypo-fontello'><\/span><span class='avia_iconbox_title' >zum Shop<\/span><\/a><\/div><\/p><\/div><div class=\"flex_column av_one_fourth  flex_column_div av-zero-column-padding   avia-builder-el-16  el_after_av_one_fourth  el_before_av_hr  column-top-margin\" style='border-radius:0px; '><p><div  style='padding-bottom:10px; ' class='av-special-heading av-special-heading-h3    avia-builder-el-17  el_before_av_image  avia-builder-el-first  av-linked-heading '><h3 class='av-special-heading-tag '  itemprop=\"headline\"  ><a href=\"https:\/\/amzn.to\/3L0kjvw\">Omega 3 (365 Kapseln) &#8211; 1000mg Fisch\u00f6l pro Kapsel mit EPA und DHA (in Triglycerid-Form)<\/a><\/h3><div class='special-heading-border'><div class='special-heading-inner-border' ><\/div><\/div><\/div><br \/>\n<div  class='avia-image-container  av-styling-    avia-builder-el-18  el_after_av_heading  el_before_av_button  avia-align-center '  itemprop=\"image\" itemscope=\"itemscope\" itemtype=\"https:\/\/schema.org\/ImageObject\"  ><div class='avia-image-container-inner'><div class='avia-image-overlay-wrap'><img class='wp-image-1097 avia-img-lazy-loading-not-1097 avia_image' src=\"https:\/\/sportparkfloehashop.de\/wp-content\/uploads\/sites\/35171\/2023\/03\/71mphxDcvgL._AC_SY355_.jpg\" alt='' title='71mphxDcvgL._AC_SY355_' height=\"355\" width=\"187\"  itemprop=\"thumbnailUrl\"  \/><\/div><\/div><\/div><br \/>\n<div  class='avia-button-wrap avia-button-center  avia-builder-el-19  el_after_av_image  avia-builder-el-last ' ><a href='https:\/\/amzn.to\/3L0kjvw'  class='avia-button  avia-color-blue   avia-icon_select-yes-left-icon avia-size-medium avia-position-center '   ><span class='avia_button_icon avia_button_icon_left ' aria-hidden='true' data-av_icon='\ue859' data-av_iconfont='entypo-fontello'><\/span><span class='avia_iconbox_title' >zum Shop<\/span><\/a><\/div><\/p><\/div><div   class='hr hr-default   avia-builder-el-20  el_after_av_one_fourth  el_before_av_one_full '><span class='hr-inner ' ><span class='hr-inner-style'><\/span><\/span><\/div>\n<div class=\"flex_column av_one_full  flex_column_div av-zero-column-padding first  avia-builder-el-21  el_after_av_hr  el_before_av_one_full  \" style='border-radius:0px; '><p><div  style='padding-bottom:10px; ' class='av-special-heading av-special-heading-h3    avia-builder-el-22  el_before_av_textblock  avia-builder-el-first  '><h3 class='av-special-heading-tag '  itemprop=\"headline\"  >Proteine<\/h3><div class='special-heading-border'><div class='special-heading-inner-border' ><\/div><\/div><\/div><br \/>\n<section class=\"av_textblock_section \"  itemscope=\"itemscope\" itemtype=\"https:\/\/schema.org\/CreativeWork\" ><div class='avia_textblock  '   itemprop=\"text\" ><p>Proteine sind Eiwei&szlig;e. Der Begriff Protein wurde aus dem griechischen Wort Proton f\u00fcr &#8222;das Erste, das Wichtigste&#8220; abgeleitet.<br \/>\nSie bestehen aus Aminos\u00e4uren und erf\u00fcllen, je nach Proteinart, eine andere Funktion f\u00fcr deinen K\u00f6rper. Sie liefern die Grundbausteine f\u00fcr Muskeln, Blut und Organe sowie Enzyme und Hormone.<\/p>\n<\/div><\/section><\/p><\/div><div class=\"flex_column av_one_full  flex_column_div av-zero-column-padding first  avia-builder-el-24  el_after_av_one_full  el_before_av_one_third  column-top-margin\" style='border-radius:0px; '><p><div  style='padding-bottom:10px; ' class='av-special-heading av-special-heading-h3    avia-builder-el-25  el_before_av_textblock  avia-builder-el-first  '><h3 class='av-special-heading-tag '  itemprop=\"headline\"  >Snacks<\/h3><div class='special-heading-border'><div class='special-heading-inner-border' ><\/div><\/div><\/div><br \/>\n<section class=\"av_textblock_section \"  itemscope=\"itemscope\" itemtype=\"https:\/\/schema.org\/CreativeWork\" ><div class='avia_textblock  '   itemprop=\"text\" ><p>Der leckere Proteinriegel ist nicht nur bei Nicht-Sportler*innen beliebt.<br \/>\nEr ist praktisch zum Mitnehmen, lange haltbar und stillt den Hunger zwischendurch .<br \/>\nSportler*innen, je nach Intensit\u00e4t, Dauer und H\u00e4ufigkeit des Trainings, sollten  mit einem Eiwei&szlig;bedarf von 1,4 bis 1,6 Gramm pro Kilogramm K\u00f6rpergewicht am Tag rechnen.<\/p>\n<\/div><\/section><\/p><\/div><div class=\"flex_column av_one_third  flex_column_div av-zero-column-padding first  avia-builder-el-27  el_after_av_one_full  el_before_av_one_third  column-top-margin\" style='border-radius:0px; '><p><div  style='padding-bottom:10px; ' class='av-special-heading av-special-heading-h3    avia-builder-el-28  el_before_av_image  avia-builder-el-first  av-linked-heading '><h3 class='av-special-heading-tag '  itemprop=\"headline\"  ><a href=\"https:\/\/amzn.to\/3YKrps4\">Amfit Nutrition Proteinriegel mit niedrigem Zuckergehalt <\/a><\/h3><div class='special-heading-border'><div class='special-heading-inner-border' ><\/div><\/div><\/div><br \/>\n<div  class='avia-image-container  av-styling-    avia-builder-el-29  el_after_av_heading  el_before_av_button  avia-align-center '  itemprop=\"image\" itemscope=\"itemscope\" itemtype=\"https:\/\/schema.org\/ImageObject\"  ><div class='avia-image-container-inner'><div class='avia-image-overlay-wrap'><img class='wp-image-1001 avia-img-lazy-loading-not-1001 avia_image' src=\"https:\/\/sportparkfloehashop.de\/wp-content\/uploads\/sites\/35171\/2023\/02\/61o48GDhMAL._AC_SY355_PIbundle-12TopRight00_SH20_.jpg\" alt='' title='61o48GDhMAL._AC_SY355_PIbundle-12,TopRight,0,0_SH20_' height=\"355\" width=\"363\"  itemprop=\"thumbnailUrl\"  \/><\/div><\/div><\/div><br \/>\n<div  class='avia-button-wrap avia-button-center  avia-builder-el-30  el_after_av_image  avia-builder-el-last ' ><a href='https:\/\/amzn.to\/3YKrps4'  class='avia-button  avia-color-blue   avia-icon_select-yes-left-icon avia-size-medium avia-position-center '   ><span class='avia_button_icon avia_button_icon_left ' aria-hidden='true' data-av_icon='\ue859' data-av_iconfont='entypo-fontello'><\/span><span class='avia_iconbox_title' >zum Shop<\/span><\/a><\/div><\/p><\/div><div class=\"flex_column av_one_third  flex_column_div av-zero-column-padding   avia-builder-el-31  el_after_av_one_third  el_before_av_one_third  column-top-margin\" style='border-radius:0px; '><p><div  style='padding-bottom:10px; ' class='av-special-heading av-special-heading-h3    avia-builder-el-32  el_before_av_image  avia-builder-el-first  av-linked-heading '><h3 class='av-special-heading-tag '  itemprop=\"headline\"  ><a href=\"https:\/\/amzn.to\/3khowzR\">IronMaxx Protein 30 Proteinriegel<\/a><\/h3><div class='special-heading-border'><div class='special-heading-inner-border' ><\/div><\/div><\/div><br \/>\n<div  class='avia-image-container  av-styling-    avia-builder-el-33  el_after_av_heading  el_before_av_button  avia-align-center '  itemprop=\"image\" itemscope=\"itemscope\" itemtype=\"https:\/\/schema.org\/ImageObject\"  ><div class='avia-image-container-inner'><div class='avia-image-overlay-wrap'><img class='wp-image-1003 avia-img-lazy-loading-not-1003 avia_image' src=\"https:\/\/sportparkfloehashop.de\/wp-content\/uploads\/sites\/35171\/2023\/02\/813kfCgVsL._AC_SY450_.jpg\" alt='' title='813+kfCgVsL._AC_SY450_' height=\"450\" width=\"369\"  itemprop=\"thumbnailUrl\"  \/><\/div><\/div><\/div><br \/>\n<div  class='avia-button-wrap avia-button-center  avia-builder-el-34  el_after_av_image  avia-builder-el-last ' ><a href='https:\/\/amzn.to\/3khowzR'  class='avia-button  avia-color-blue   avia-icon_select-yes-left-icon avia-size-medium avia-position-center '   ><span class='avia_button_icon avia_button_icon_left ' aria-hidden='true' data-av_icon='\ue859' data-av_iconfont='entypo-fontello'><\/span><span class='avia_iconbox_title' >zum Shop<\/span><\/a><\/div><\/p><\/div><div class=\"flex_column av_one_third  flex_column_div av-zero-column-padding   avia-builder-el-35  el_after_av_one_third  avia-builder-el-last  column-top-margin\" style='border-radius:0px; '><p><div  style='padding-bottom:10px; ' class='av-special-heading av-special-heading-h3    avia-builder-el-36  el_before_av_image  avia-builder-el-first  av-linked-heading '><h3 class='av-special-heading-tag '  itemprop=\"headline\"  ><a href=\"https:\/\/amzn.to\/3Ig8BtE\">Powerbar Protein Plus Riegel mit nur 107 Kcal <\/a><\/h3><div class='special-heading-border'><div class='special-heading-inner-border' ><\/div><\/div><\/div><br \/>\n<div  class='avia-image-container  av-styling-    avia-builder-el-37  el_after_av_heading  el_before_av_button  avia-align-center '  itemprop=\"image\" itemscope=\"itemscope\" itemtype=\"https:\/\/schema.org\/ImageObject\"  ><div class='avia-image-container-inner'><div class='avia-image-overlay-wrap'><img class='wp-image-1004 avia-img-lazy-loading-not-1004 avia_image' src=\"https:\/\/sportparkfloehashop.de\/wp-content\/uploads\/sites\/35171\/2023\/02\/61amwAyKKdL._SX522_PIbundle-30TopRight00_AA522SH20_.jpg\" alt='' title='61amwAyKKdL._SX522_PIbundle-30,TopRight,0,0_AA522SH20_' height=\"522\" width=\"522\"  itemprop=\"thumbnailUrl\" srcset=\"https:\/\/sportparkfloehashop.de\/wp-content\/uploads\/sites\/35171\/2023\/02\/61amwAyKKdL._SX522_PIbundle-30TopRight00_AA522SH20_.jpg 522w, https:\/\/sportparkfloehashop.de\/wp-content\/uploads\/sites\/35171\/2023\/02\/61amwAyKKdL._SX522_PIbundle-30TopRight00_AA522SH20_-80x80.jpg 80w\" sizes=\"(max-width: 522px) 100vw, 522px\" \/><\/div><\/div><\/div><br \/>\n<div  class='avia-button-wrap avia-button-center  avia-builder-el-38  el_after_av_image  avia-builder-el-last ' ><a href='https:\/\/amzn.to\/3Ig8BtE'  class='avia-button  avia-color-blue   avia-icon_select-yes-left-icon avia-size-medium avia-position-center '   ><span class='avia_button_icon avia_button_icon_left ' aria-hidden='true' data-av_icon='\ue859' data-av_iconfont='entypo-fontello'><\/span><span class='avia_iconbox_title' >zum Shop<\/span><\/a><\/div><\/p><\/div><\/div><\/div><\/main><!-- close content main element --><\/div><\/div><div id='after_section_1'  class='main_color av_default_container_wrap container_wrap fullsize' style=' '  ><div class='container' ><div class='template-page content  av-content-full alpha units'><div class='post-entry post-entry-type-page post-entry-910'><div class='entry-content-wrapper clearfix'><div class=\"flex_column av_one_half  flex_column_div av-zero-column-padding first  avia-builder-el-39  el_after_av_section  el_before_av_one_third  avia-builder-el-first  \" style='border-radius:0px; '><div  style='padding-bottom:10px; ' class='av-special-heading av-special-heading-h3    avia-builder-el-40  avia-builder-el-no-sibling  '><h3 class='av-special-heading-tag '  itemprop=\"headline\"  >youtric\u00ae Keto bringt Dich in ca. 60 Minuten in den Fettstoffwechsel bzw. in die Fettverbrennung.<\/h3><div class='special-heading-border'><div class='special-heading-inner-border' ><\/div><\/div><\/div><\/div><\/p>\n<div class=\"flex_column av_one_third  flex_column_div av-zero-column-padding   avia-builder-el-41  el_after_av_one_half  el_before_av_textblock  \" style='border-radius:0px; '><p><div  class='avia-image-container  av-styling-    avia-builder-el-42  el_before_av_button  avia-builder-el-first  avia-align-center '  itemprop=\"image\" itemscope=\"itemscope\" itemtype=\"https:\/\/schema.org\/ImageObject\"  ><div class='avia-image-container-inner'><div class='avia-image-overlay-wrap'><img class='wp-image-935 avia-img-lazy-loading-not-935 avia_image' src=\"https:\/\/sportparkfloehashop.de\/wp-content\/uploads\/sites\/35171\/2023\/02\/6537-E.jpg\" alt='' title='65,37 \u20ac' height=\"1654\" width=\"1654\"  itemprop=\"thumbnailUrl\" srcset=\"https:\/\/sportparkfloehashop.de\/wp-content\/uploads\/sites\/35171\/2023\/02\/6537-E.jpg 1654w, https:\/\/sportparkfloehashop.de\/wp-content\/uploads\/sites\/35171\/2023\/02\/6537-E-80x80.jpg 80w, https:\/\/sportparkfloehashop.de\/wp-content\/uploads\/sites\/35171\/2023\/02\/6537-E-768x768.jpg 768w\" sizes=\"(max-width: 1654px) 100vw, 1654px\" \/><\/div><\/div><\/div><br \/>\n<div  class='avia-button-wrap avia-button-center  avia-builder-el-43  el_after_av_image  avia-builder-el-last ' ><a href='https:\/\/www.digistore24.com\/redir\/405577\/Ralf14\/'  class='avia-button  avia-color-green   avia-icon_select-yes-left-icon avia-size-large avia-position-center '   ><span class='avia_button_icon avia_button_icon_left ' aria-hidden='true' data-av_icon='\ue827' data-av_iconfont='entypo-fontello'><\/span><span class='avia_iconbox_title' >Zum Angebot<\/span><\/a><\/div><\/p><\/div>\n<section class=\"av_textblock_section \"  itemscope=\"itemscope\" itemtype=\"https:\/\/schema.org\/CreativeWork\" ><div class='avia_textblock  '   itemprop=\"text\" ><p>Durch die Zufuhr nat\u00fcrlicher Ketone mit youtric\u00ae Keto Kakao kommst Du innerhalb ca. 1 Std. in die Ketose; wof\u00fcr Du sonst Tage ben\u00f6tigen w\u00fcrdest.<br \/>\n* Hochwertiges youtric\u00ae Keto Pulver Kakaogeschmack<br \/>\n* Bringt Dich in ca. 60 Min. in die Ketose\/Fettverbrennung<br \/>\n* Nutzt Fett als Energielieferanten statt Zucker<br \/>\n* Ideal f\u00fcr eine nachhaltige Gewichtsreduktion<br \/>\n* verringertes Hungergef\u00fchl<br \/>\n* weniger Hei&szlig;hungerattacken<br \/>\n* mehr Energie<br \/>\n* verbesserte Stimmungslage<br \/>\n* besserer Fokus &#8211; mentale Klarheit<br \/>\n* sehr gut geeignet f\u00fcr Sportler<br \/>\n* verhindert Muskelabbau, beg\u00fcnstigt Muskelaufbau<br \/>\n* sichtbare Hautversch\u00f6nerung<br \/>\n* verminderte Stressanf\u00e4lligkeit<br \/>\n* Hergestellt in Deutschland, 100% youtric Qualit\u00e4t<br \/>\n* vegan und glutenfrei<br \/>\n* ges\u00fc&szlig;t mit Erythrit<br \/>\nInhalt f\u00fcr 20 Tage: Eine Dose enth\u00e4lt 300g youtric\u00ae Keto Pulver (ab 233,16\u20ac \/ kg). Wir empfehlen 3 Dosen f\u00fcr einen nachhaltigen Fettabbau. Ab 3 Dosen 7% Rabatt, ab 6 Dosen 14% Rabatt!<br \/>\nLieferzeit: 1-3 Werktage.<br \/>\nBlitzversand aus Deutschland.<\/p>\n<\/div><\/section>\n","protected":false},"excerpt":{"rendered":"","protected":false},"author":44543,"featured_media":0,"parent":0,"menu_order":0,"comment_status":"closed","ping_status":"closed","template":"","meta":[],"_links":{"self":[{"href":"https:\/\/sportparkfloehashop.de\/index.php?rest_route=\/wp\/v2\/pages\/910"}],"collection":[{"href":"https:\/\/sportparkfloehashop.de\/index.php?rest_route=\/wp\/v2\/pages"}],"about":[{"href":"https:\/\/sportparkfloehashop.de\/index.php?rest_route=\/wp\/v2\/types\/page"}],"author":[{"embeddable":true,"href":"https:\/\/sportparkfloehashop.de\/index.php?rest_route=\/wp\/v2\/users\/44543"}],"replies":[{"embeddable":true,"href":"https:\/\/sportparkfloehashop.de\/index.php?rest_route=%2Fwp%2Fv2%2Fcomments&post=910"}],"version-history":[{"count":16,"href":"https:\/\/sportparkfloehashop.de\/index.php?rest_route=\/wp\/v2\/pages\/910\/revisions"}],"predecessor-version":[{"id":924,"href":"https:\/\/sportparkfloehashop.de\/index.php?rest_route=\/wp\/v2\/pages\/910\/revisions\/924"}],"wp:attachment":[{"href":"https:\/\/sportparkfloehashop.de\/index.php?rest_route=%2Fwp%2Fv2%2Fmedia&parent=910"}],"curies":[{"name":"wp","href":"https:\/\/api.w.org\/{rel}","templated":true}]}}